- y = 89. Let n be (j/(-7))/(1/7). What is the highest common factor of 36 and n?
18
Let f be 40*(-3)/(0 + -6). Let d be f/8*32/5. Calculate the greatest common divisor of 16 and d.
16
Let q = 83 - 47. What is the highest common factor of 72 and q?
36
Let y(m) = m**3 + 2*m**2 - 2*m - 2. Let b be y(-2). Let q(t) = 0*t - 11 + b*t + t**2 - 8*t. Let w be q(8). What is the greatest common divisor of w and 5?
5
Suppose -3*x - x = -84. Let n be 14/(-3 + 69/x). Calculate the highest common divisor of 7 and n.
7
Suppose 0 = 12*j - 7*j - 550. Let b(c) = 10 + 2 - 2 - 7*c**2 - c**3. Let i be b(-7). What is the greatest common divisor of j and i?
10
Let f = -17 - -29. Suppose -l + 5 - 1 = 0. Suppose -3*t = -l*h + 138, -4*h + 3*t + 136 = -t. Calculate the greatest common factor of f and h.
12
Suppose -2*p + 5*x = -161, 73 = -0*p + p - 5*x. Calculate the greatest common divisor of 8 and p.
8
Suppose -5*k = -5*c - 50, 52 = 5*k + 2*c - 6*c. Calculate the greatest common factor of 8 and k.
4
Let m(q) = -q**3 + 11*q**2 - 8*q - 12. Let d be m(10). Let n = d + 48. What is the highest common divisor of 14 and n?
14
Suppose 0 = 4*i + 239 + 289. Let o(k) = k**3 - 7*k**2 - 8*k + 11. Let v be o(8). Let x = v - i. Calculate the greatest common factor of 13 and x.
13
Let z = -1 - 8. Let j = z + 16. What is the highest common divisor of j and 14?
7
Let k(p) = 7*p**3 + p**2 - p + 1. Let j be k(1). Let s = 22 - j. Calculate the greatest common divisor of s and 28.
14
Suppose -51 = -5*k + 69. Let f = -161 + 281. What is the highest common factor of k and f?
24
Suppose 4*m + 21 = 2*t - 7, 5*t = 2*m + 62. Calculate the highest common factor of 4 and t.
4
Let y = 95 - -15. Suppose 4*c - 376 = 2*k, -k + y = c + 10. Calculate the highest common factor of 12 and c.
12
Let o be 33/(-3) + (-9)/(-3). Let n(j) = j**3 + 9*j**2 + 8*j - 1. Let h be n(o). Let g be -2*(h + (0 - 4)). Calculate the greatest common factor of 80 and g.
10
Let z(a) = -2*a + 7. Let u be z(16). Let b = u - -34. What is the greatest common factor of b and 63?
9
Let z be 288/28 + 2/(-7). Calculate the highest common factor of 4 and z.
2
Let d(f) = -f**2 - 8*f - 3. Suppose 0 = -6*w + 2*w - 24. Let n be d(w). What is the greatest common factor of n and 6?
3
Suppose 3*d - 6 = -2*b + 4, 5*d - 3*b - 42 = 0. Suppose -d*l = -2*l - 584. Let x = -65 + l. What is the highest common divisor of 9 and x?
9
Let i(c) = -8*c + 5. Let j(v) = 16*v - 11. Let p(z) = 7*i(z) + 4*j(z). Let x be p(4). What is the greatest common divisor of x and 69?
23
Suppose -2*y + 10 = 0, -3*y + 44 = -0*p - p. Let b = 46 + p. Calculate the greatest common factor of b and 34.
17
Suppose 4*k = -4*b + 60, 6 + 2 = 2*k. Calculate the greatest common divisor of b and 66.
11
Suppose -4*y - 68 = -4*w, 5*y + 0 = -2*w - 78. Let o = -6 - y. What is the greatest common divisor of 70 and o?
10
Suppose -3*g - 139 = -6*g + 4*o, -3*o = -g + 48. Suppose 3*u = g + 15. Calculate the greatest common factor of 80 and u.
20
Let x be 1*(82/2 + 0). Let q = 91 - x. What is the greatest common factor of q and 10?
10
Let k = 63 - 23. What is the highest common factor of k and 8?
8
Suppose -5*i + 88 = 3*y, -84 + 0 = -5*i - 4*y. Let z = -3 + 2. Let b be 5 + 2 - (-2)/z. Calculate the highest common divisor of i and b.
5
Let h(n) = -n**3 + 9*n**2 + 6*n - 9. Let u be h(9). Let v = -1 + 16. What is the highest common factor of u and v?
15
Let i(y) = 3*y - 4. Let p be i(3). Let k = p - 3. Calculate the greatest common divisor of k and 12.
2
Let g be 146/8 - 9/36. What is the greatest common factor of 72 and g?
18
Let m(t) = t**3 - 6*t**2 - t + 8. Let f be m(6). Suppose 0*a = 4*a + 48. Let o = 2 - a. What is the greatest common factor of o and f?
2
Let k = 19 - 41. Let m be (-2)/11 + (-598)/k. Calculate the greatest common divisor of 9 and m.
9
Let d be 21 + (3 + -3)/3. What is the highest common factor of 147 and d?
21
Let d = -80 + 113. Calculate the highest common factor of d and 3.
3
Let q(h) = 2*h - 22. Let u be q(13). Calculate the highest common divisor of 6 and u.
2
Suppose 4*d - 56 = 2*d. What is the highest common factor of d and 42?
14
Suppose -4*o + 507 = 87. What is the highest common divisor of 35 and o?
35
Suppose 0 = -4*u + 1 + 11. Let g be 219/9 - u/9. What is the greatest common divisor of 12 and g?
12
Suppose -2*f = -w + 5*w - 42, f + 63 = 5*w. Calculate the greatest common divisor of w and 60.
12
Let h(s) = -s - 1. Let g = -5 + 2. Let m be h(g). Suppose -w - 60 = -m*w. What is the greatest common divisor of w and 6?
6
Let w = -81 + 97. What is the greatest common divisor of w and 16?
16
Suppose 2*t + f = 25, t = -t - 5*f + 29. Suppose r - 41 + 11 = 0. Calculate the greatest common factor of r and t.
6
Suppose 4*n - 1 = 3, 0 = -g - 2*n + 4. Calculate the highest common factor of 10 and g.
2
Let d(c) = -c**3 + 6*c**2 - 6*c. Let m be d(4). Let g be 16*(-9)/(36/(-16)). What is the greatest common divisor of g and m?
8
Suppose 0 = m + 8 - 2. Let j(c) = -5*c + 2. Let p be j(m). Suppose 5*u - 207 = -p. What is the highest common factor of 5 and u?
5
Suppose -5*g + 4*y + 12 = y, 2*g = 4*y + 16. Suppose g = -5*t + 106 - 26. Calculate the greatest common factor of t and 48.
16
Let t be (-2100)/(-15)*(0 - -1). What is the highest common factor of t and 56?
28
Let u(t) = 3*t**3 + t + t**2 + 6 - 2*t**3 + 0*t**2. Let s be u(0). What is the highest common divisor of 4 and s?
2
Let x be (28/35)/((-2)/(-5)). What is the highest common divisor of x and 18?
2
Suppose -2*u = 3*d + 2*d - 52, 4*u - 104 = d. Let o be (u/8)/(2/8). Calculate the greatest common divisor of 13 and o.
13
Let i = -6 - -8. Suppose -i*a = 8, -5*j + 4*a + 476 = 5*a. Calculate the highest common divisor of j and 12.
12
Let l = 8 - 5. Suppose -l*d = -37 + 7. Calculate the greatest common divisor of 10 and d.
10
Suppose 0*j = -j - 17. Let g = 4 - j. What is the highest common factor of 3 and g?
3
Let a = 5 - 0. Suppose 0 = -5*s + 3*q + 21, 2*s - 3*q - 16 = 2*q. Suppose s*y = 157 + 8. What is the highest common factor of a and y?
5
Let q be -6*(7 + 2)*-2. Let s = 24 + -12. What is the greatest common divisor of q and s?
12
Let g(w) = -w + 30. Let z be g(0). Let c(i) = -i**2 - i + 12. Let o be c(0). Let v = o + -7. Calculate the greatest common factor of z and v.
5
Suppose -3*s - 6 = -0*s, 6 = 5*o + 2*s. Calculate the highest common divisor of o and 18.
2
Suppose 0 = 3*w + w - 12. What is the greatest common factor of w and 3?
3
Let b(j) = 12*j + 2. Let t(a) = -13*a - 3. Let g(k) = -5*b(k) - 4*t(k). Let u be g(-6). Suppose -149 = -5*v - 49. What is the highest common divisor of v and u?
10
Let d(b) = 3 - 3 - b. Let j be d(-2). Suppose 3*a = -6, -5*r + 152 = -j*a + 38. What is the greatest common divisor of r and 198?
22
Suppose 6*t + 75 = 915. Suppose -12 = -2*k + 28. What is the greatest common factor of k and t?
20
Let v(l) = 3*l. Let k be v(-9). Let z = -15 - k. Suppose 4*f + 4 = -o + 17, -4*f + 3*o + 9 = 0. Calculate the greatest common divisor of f and z.
3
Let p(c) = -20*c - 5. Let o be p(-7). Let t = 7 + 8. What is the greatest common divisor of o and t?
15
Let k(s) = -s**3 + 7*s**2 - 5*s - 3. Let f be k(6). Calculate the greatest common divisor of 33 and f.
3
Let r(t) = 3*t - 2. Let v be r(6). Calculate the highest common factor of v and 144.
16
Let i = -4 + 4. Suppose i = y - 3 + 2. Suppose -3*u + 3*q + 17 = -2*u, 2*u + 4*q = -6. What is the highest common factor of y and u?
1
Let t(l) = -357*l**3 + 2*l + 1. Let m be t(-1). Suppose 0 = 5*g - 4*a - m, 0*g + 5*g + a = 361. Calculate the greatest common factor of 8 and g.
8
Let s = -580 + 882. Suppose -3*a = -2 - 1, 0 = -5*n - 2*a + s. What is the greatest common factor of 24 and n?
12
Suppose 0*t = 2*t - 4, 0 = -3*v + 2*t + 101. Calculate the greatest common factor of 5 and v.
5
Suppose 45*i = 52*i - 308. Calculate the highest common factor of 55 and i.
11
Let v = -1 - -28. What is the greatest common divisor of 3 and v?
3
Let u be (-20)/(-8)*(-8)/(-5). Suppose -2*v + 59 = u*q - 469, 5*q = -v + 660. What is the highest common factor of q and 12?
12
Suppose 4*w = w - j + 31, -5*w + 2*j + 59 = 0. Let r be (55 + 0)*(-2 + 3). What is the highest common factor of r and w?
11
Suppose 0 = -5*j - m - 3*m + 520, -3*j - m + 312 = 0. Let n be 2/(1 + 74/(-78)). Suppose 